, -5*l - 3*q + 1366 = -2416. What are the prime factors of l?
2, 13, 29
Let a(r) = -r**3 + 17*r**2 + 34*r + 26. List the prime factors of a(16).
2, 7, 59
Let j be 1*12/(-4) + 3. Suppose y + 2 = -j*y. List the prime factors of y + 1 + 1 - -33.
3, 11
Suppose r + r + 14 = 0. Let w(p) = -p**3 - 7*p**2 + 10. Let d be w(r). Suppose -d = -q + c, 3*q - 5*q + 40 = 3*c. List the prime factors of q.
2, 7
Let u(s) = s**3 + 5*s**2 + 2*s + 4. Let d be u(-4). Let p = d - 9. Suppose -2*n + 7 = i, -i + 3*n = -p - 4. What are the prime factors of i?
7
Suppose 4693 = -14*b + 14241. What are the prime factors of b?
2, 11, 31
Suppose 3*a + 5*x - 803 = 0, 2*x + 264 = 2*a - a. What are the prime factors of a?
2, 7, 19
Let u(s) = 2*s**2 - 15*s - 90. List the prime factors of u(-8).
2, 79
Suppose 2*u - 2*s - 2488 = 0, -u - 5*s + 978 = -284. What are the prime factors of u?
29, 43
Let t(x) = -7*x**3 + 3*x**2 + 14*x + 18. List the prime factors of t(-4).
2, 229
List the prime factors of (-6230)/(-50) + (-6)/10.
2, 31
Suppose 2*b - 123 = -3*n + 3*b, n + b = 37. Suppose 6*s + 2*s - n = 0. List the prime factors of (-5)/(s/5)*-7.
5, 7
Let x(o) = 37*o + 16. Let q be x(-6). Let r = q + 515. List the prime factors of r.
3, 103
Let l be 8/(-14) + 390/21. Let t(x) = 4*x - 8. List the prime factors of t(l).
2
What are the prime factors of ((-9650)/(-20))/((-2)/(-4))?
5, 193
Suppose 4*p = -3*f + 3201, -p = 2*p - f - 2391. Suppose 0 = 24*i - 17*i - p. What are the prime factors of i?
2, 3, 19
Suppose -3*j = -9*j + 18. Let v(l) = 3*l**3 - 2*l**2 - l + 2. What are the prime factors of v(j)?
2, 31
Let i be (-9 + 5)*(-3)/4. Suppose -i*s = s - 76. What are the prime factors of s?
19
Suppose -20*l + 25*l - 15 = 0. Suppose l*n = 3*a - 333 + 96, -6 = -2*n. List the prime factors of a.
2, 41
Let a be (240/(-50))/(3/(-10)) + -3. Suppose a*g - 356 = 11*g. What are the prime factors of g?
2, 89
Let p(j) = -2*j - 5. Let d be p(-4). Suppose -4*q - z = -290, d*z = 2*z - 2. List the prime factors of q.
73
Suppose -18*s - 52600 = -43*s. List the prime factors of s.
2, 263
Suppose -6*s + s - 2*d + 30 = 0, -3*d + 3 = -3*s. Let n be 60/(-40)*s/3. Let p(a) = -2*a**3 - a**2 - 2*a - 3. List the prime factors of p(n).
13
Suppose -1356 - 162 = -4*p - 3*i, -3*i + 1140 = 3*p. Suppose 3*d + 0*c - p = 2*c, 2*d = 3*c + 252. What are the prime factors of d?
2, 3, 7
Let t(v) be the first derivative of -v**4/2 + 2*v**3/3 + v**2 + v + 4. Let k be (10/(-15))/((-1)/(-3)). What are the prime factors of t(k)?
3, 7
Let t(x) = -x + 53. Let i(w) = w - 1. Let g(j) = 3*i(j) + t(j). What are the prime factors of g(0)?
2, 5
Suppose 7*w - 525 - 749 = 0. What are the prime factors of w?
2, 7, 13
Let k be (-2)/4*(0 + 0). Suppose u - w + 5*w - 25 = 0, -u - w = -10. Suppose k*l - u = -l. What are the prime factors of l?
5
Let p(q) = -2*q**3 - q**2 - 19*q - 17. Let v(j) = 4*j**3 + j**2 + 40*j + 35. Let r(m) = 13*p(m) + 6*v(m). What are the prime factors of r(-4)?
3, 11
Suppose c - 242 = -5*m, -5*c + 129 = -5*m + 359. Suppose 2*f - m = 4*r + f, 0 = 2*r + 5*f + 2. What are the prime factors of 6*r*2/(-6)?
2, 11
Suppose 16 = 2*b + 2*b. Suppose 3 = x, -3*x = -b*u - 2*x + 13. Suppose -v - 4*p = -4*v + 5, -u*v = -4*p - 8. What are the prime factors of v?
3
Let j(q) = -5*q**3 - 14*q**2 - 36*q - 10. List the prime factors of j(-4).
2, 5, 23
Suppose -2*l + 1 = -3*v, -1 = -2*v + l - 0. Suppose -v*c + 5*p + 148 = 0, -7*p - 230 = -5*c - 2*p. List the prime factors of c.
41
Let u = -733 + 846. What are the prime factors of u?
113
Let c = 6235 + -3313. List the prime factors of c.
2, 3, 487
Let i(w) = 4*w - 2. Let x be i(1). Let t(s) = -35*s**2 - 19 + 13*s - 33*s**x + 67*s**2. List the prime factors of t(8).
3, 7
Suppose 0 = 4*x + 3*c - 3372, -3*c = x - 3*x + 1704. List the prime factors of x.
2, 3, 47
Let r(j) = -3*j**3 + 10*j**2 + 2*j + 7. Let c(o) = 2*o**3 - 11*o**2 - 3*o - 8. Let b(q) = 4*c(q) + 3*r(q). What are the prime factors of b(-14)?
73
Let r(v) be the third derivative of -v**6/120 + v**5/30 + v**4/24 - 3*v**2. Let o be r(-1). Suppose -11 = -o*q - 1. What are the prime factors of q?
5
Let m(a) = 7*a - 32. Let r be m(8). Suppose 5*s + z + z - 90 = 0, -4*s = -z - 85. Let j = r - s. List the prime factors of j.
2
Suppose -4*p + 3*p + o + 4 = 0, -16 = -5*p + o. Suppose 4*g = p*g + 35. Suppose 10*y = 11*y - g. What are the prime factors of y?
5, 7
Let l be -8*3/(-2)*(-8)/6. Let i = 28 + l. List the prime factors of i.
2, 3
Let l(p) = -5*p**2 - 18*p - 2. Let o(t) = -3*t**2 - 9*t - 1. Let d(c) = 4*l(c) - 7*o(c). Let m be d(7). What are the prime factors of (54/m)/((-6)/15)?
3
Suppose -4*y - g + 8024 = 0, 0 = y - 12*g + 7*g - 2006. List the prime factors of y.
2, 17, 59
Suppose 3*u - 3*f - 1214 = 283, 3*u = 2*f + 1496. List the prime factors of u.
2, 3, 83
Let x(s) = -9*s - 22. Let n be x(-6). Suppose 0 = -k + n + 97. What are the prime factors of k?
3, 43
Suppose 2*c - 65 = 29. Let j = c + -16. List the prime factors of j.
31
Suppose 2 - 6 = 2*o. Let b(q) = 7*q**2 - 2*q - 3. List the prime factors of b(o).
29
Let w be (-362)/(-10) - (-3 - (-80)/25). Suppose 4*z - w = 4*a, -z - 32 = -4*z - 2*a. What are the prime factors of z?
2, 5
Suppose 6*f - 4*f - 204 = 0. Let d = f + -32. List the prime factors of d.
2, 5, 7
Suppose 0 = -4*b - 0*b - 80. Let t = -15 - b. Suppose 0*s - 5*s = a - 26, -3*s = -t*a - 38. What are the prime factors of s?
2, 3
Let y = 8728 - 4466. What are the prime factors of y?
2, 2131
Suppose 0*f = -5*a - 2*f + 2467, 5*f = 4*a - 1967. List the prime factors of a.
17, 29
Suppose -6254*y - 23065 = -6261*y. What are the prime factors of y?
5, 659
Suppose -g = -77 + 67. List the prime factors of g.
2, 5
Let y be (-12)/(-10)*(-6600)/(-36). Suppose -b = 5*x - 177, 2*x - y = -4*b + 398. What are the prime factors of b?
2, 19
Let k = 37 + -23. List the prime factors of 136/k - (-2)/7.
2, 5
Let o be 1486/14 - (-15)/(-105). Suppose d - 328 = -o. List the prime factors of d.
2, 3, 37
Suppose 443 = 6*h - 325. Let p = h + 33. What are the prime factors of p?
7, 23
Let n(y) = 2 + 0 + 5 + 14*y - 3. Let c be n(-4). List the prime factors of 4 - 2 - (c + 4).
2, 5
Let f(r) = 60*r**2 - 2*r. Let a be 1*(-2 + -1)/3. List the prime factors of f(a).
2, 31
What are the prime factors of (87/(-58))/(-2 - 1666/(-836))?
11, 19
Let m = -370 - -625. What are the prime factors of m?
3, 5, 17
Suppose 0 = -3*l - 4*i + 4826 + 3353, 0 = -l + 3*i + 2748. What are the prime factors of l?
3, 911
Let x(z) = 9*z + 1. Let f(t) = 35*t + 5. Let v(n) = -2*f(n) + 9*x(n). What are the prime factors of v(2)?
3, 7
List the prime factors of (-3*35/(-15))/(1/13).
7, 13
Let q(v) = 7*v + 34. Suppose -46 = -4*s + 14. What are the prime factors of q(s)?
139
Suppose -46*i = -63*i + 6664. What are the prime factors of i?
2, 7
Suppose 3434 = -6*p + 9338. What are the prime factors of p?
2, 3, 41
Let y(f) = f - 32. Let d be y(8). What are the prime factors of 18/d*(0 + -20)?
3, 5
Let q = 4353 - 2667. List the prime factors of q/54 + 2 + (-40)/18.
31
Suppose 2*g + 23*g - 5750 = 0. What are the prime factors of g?
2, 5, 23
Let t(x) = 10*x**2 + 2*x - 35. What are the prime factors of t(4)?
7, 19
Let i be 0 + (3 - -4 - -3). Let m(c) = c**3 - 9*c**2 - 12*c + 23. Let b be m(i). List the prime factors of (b/6)/(1/152).
2, 19
Let v be (15/2)/((-6)/(-12)). Suppose 17*f = v*f + 76. Suppose 11*u = 10*u + f. List the prime factors of u.
2, 19
Let o be (-7 - -8)*(-1 - -31). Suppose -3*n - 256 = -4*v, -2*v + 3*n + 92 = -o. List the prime factors of v.
67
Let w = -44 + 78. Suppose -6*o + k + 136 = -3*o, 89 = 2*o - k. Let x = o - w. What are the prime factors of x?
13
Suppose -11*g + 783 = -31. List the prime factors of (12/(-28) + 65/70)*g.
37
Let j(h) = -h**2 - 12*h + 1. Suppose 5*y - 12 = y. Let v be y + (-4 - (1 + 9)). What are the prime factors of j(v)?
2, 3
Suppose 4*w = -3*w + 6*w. Suppose 0*c = -3*g + 3*c, w = -4*c + 12. What are the prime factors of g?
3
Let o(b) = b**3 - 13*b**2 + 15*b - 1. Let t(d) = d**3 + 9*d**2 + 4*d - 2. Let j be t(-7). Suppose 8 - j = -5*x. List the prime factors of o(x).
5, 7
Let a be -2 + 2 - (0 + -3). Let n(b) = b**3 + 0*b**a - 7*b + 2 + 6*b**2 - 13*b**2. List the prime factors of n(8).
2, 5
Let r be 117/52 - 2/8. Suppose -r*f - f = -5*o + 663, -f = -4. Wha